 - 45*x + 173. Calculate b(-18).
11
Let i(r) = -19371*r + 96861. Calculate i(5).
6
Let b(j) = -10*j**3 + 130*j**2 + 73*j - 963. What is b(13)?
-14
Let g(h) = h**3 + 2*h**2 + 349*h - 2426. Determine g(6).
-44
Let i(q) = -2*q**2 + 1075*q - 144105. Determine i(256).
23
Let m(u) = 7*u**3 - 25*u**2 + u - 63. Calculate m(4).
-11
Let n(h) = -h**2 - 82*h - 1239. Give n(-48).
393
Let o(p) = -585678*p + 7613806. Calculate o(13).
-8
Let i(h) = 2*h**3 - 563*h**2 - 47533*h - 124. What is i(-68)?
-56
Let x(a) = -4*a**2 + 125*a + 708. Calculate x(-6).
-186
Let a(w) = w**3 - 29*w**2 + 274*w - 1162. Determine a(17).
28
Let y(o) = o**2 + 12863*o - 348028. Determine y(27).
2
Let w(f) = 23049*f + 46285. Calculate w(-2).
187
Let o(b) = 2*b**3 - 646*b**2 + 9028*b + 65299. Calculate o(308).
3
Let a(d) = 2625*d - 65. What is a(0)?
-65
Let t(z) = -7*z**2 - 296*z - 3077. Give t(-24).
-5
Let m(f) = -f**2 - 256*f + 138065. Determine m(265).
0
Let z(h) = -h**2 + 28611*h + 57210. Calculate z(-2).
-16
Let k(b) = -262*b + 3211. Give k(4).
2163
Let q(n) = -8513*n - 17020. Calculate q(-2).
6
Let y(i) = 442*i + 59133. Give y(-135).
-537
Let w(u) = 2112*u - 4232. Give w(2).
-8
Let v(l) = 5172*l**2 + 155164*l + 95. What is v(-30)?
-25
Let w(s) = 366*s + 6292. Calculate w(-18).
-296
Let z(d) = 4*d**2 + 47*d + 677. Give z(-31).
3064
Let v(k) = 69*k**3 + 835*k**2 + 85*k + 16. Give v(-12).
4
Let n(j) = -2*j**2 + 553*j + 17676. Determine n(-29).
-43
Let l(w) = -7839*w + 1332631. Give l(170).
1
Let c(i) = -15*i**2 + 60*i + 505. Calculate c(-7).
-650
Let q(t) = 5842*t - 29234. What is q(5)?
-24
Let t(b) = -362548*b - 28641291. Give t(-79).
1
Let c(y) = 2281*y + 15879. Determine c(-7).
-88
Let t(o) = -3*o**2 - 12752*o + 50954. What is t(4)?
-102
Let a(r) = 191*r**2 + 1402*r + 34. What is a(-7)?
-421
Let o(c) = 433*c**3 + 7*c**2 + c + 1. Give o(-1).
-426
Let p(a) = 2*a**3 + 36*a**2 - 1486*a - 26740. Calculate p(-18).
8
Let p(i) = 5*i**2 - 1309*i + 12620. Calculate p(252).
272
Let p(d) = -d**3 + 34*d**2 - 931*d + 20027. Calculate p(27).
-7
Let o(m) = m**3 - 1876*m**2 - 78589*m + 334. Give o(-41).
6
Let q(k) = 368*k + 30494. What is q(-80)?
1054
Let c(d) = -621*d - 27569. What is c(-45)?
376
Let f(g) = g**3 + 39*g**2 - 1286*g - 189. Calculate f(-60).
1371
Let m(a) = -12183*a + 36954. Give m(3).
405
Let f(q) = -q**3 - 10*q**2 - 30*q - 7. Calculate f(-9).
182
Let v(g) = 40150*g + 1445336. Calculate v(-36).
-64
Let f(g) = 2*g**2 + 217*g - 320. Calculate f(-115).
1175
Let p(b) = 128007*b - 5248291. Determine p(41).
-4
Let w(q) = -27*q**2 - 2715*q - 274. What is w(-100)?
1226
Let k(w) = -7*w**3 + 20290*w**2 - 11637*w + 130402. Give k(2898).
-8
Let j(u) = -6*u**2 + 170*u - 762. Give j(22).
74
Let o(g) = 49*g - 4518. Calculate o(99).
333
Let i(q) = q**3 + 29*q**2 + 27*q - 2786. Calculate i(-22).
8
Let i(z) = z**2 - 13972*z + 585034. Determine i(42).
-26
Let f(x) = 4086*x - 461712. Give f(113).
6
Let w(q) = -29*q**2 - 1016*q + 494. Calculate w(-35).
529
Let d(k) = -k**3 - 19*k**2 - 42*k - 293. Calculate d(-14).
-685
Let x(j) = 1514*j + 269485. What is x(-178)?
-7
Let i(a) = 15*a**2 - 472*a + 2594. Determine i(7).
25
Let t(d) = -2*d**3 + 25*d**2 + 40*d + 58. What is t(15)?
-467
Let d(z) = -17817*z - 819576. Give d(-46).
6
Let t(m) = m**3 - 9*m**2 - 156*m + 135. Calculate t(-9).
81
Let v(f) = 9*f**2 + 496*f - 13. Give v(-58).
1495
Let u(o) = -2*o**2 + 205*o + 1099. Give u(104).
787
Let b(h) = 4*h**2 + 874*h + 41442. Determine b(-149).
20
Let y(d) = -6221*d**3 - d**2 + 38*d - 36. Give y(1).
-6220
Let a(q) = 293257*q + 6744906. What is a(-23)?
-5
Let h(i) = -1911*i - 1985554. Calculate h(-1039).
-25
Let r(d) = -346*d + 84551. Determine r(244).
127
Let g(a) = 679*a + 1711. Give g(-4).
-1005
Let v(y) = y**3 - 71*y**2 - 265*y + 574. What is v(-5)?
-1
Let v(t) = -10380*t + 114161. Calculate v(11).
-19
Let c(u) = -122*u**2 - 3866*u + 72. Determine c(-32).
-1144
Let k(h) = h**2 - 2589*h - 10373. Give k(-4).
-1
Let o(f) = -44*f**2 - 390*f + 5327. What is o(8)?
-609
Let v(t) = -9*t**2 + 2063*t + 953. Determine v(230).
-657
Let t(a) = -a**3 - 14*a**2 + 100554*a + 905393. Determine t(-9).
2
Let u(n) = -n**2 - 2318*n - 278241. What is u(-127)?
16
Let z(t) = 11*t**2 + 610*t + 810. What is z(-55)?
535
Let i(s) = -9*s**2 - 1844*s + 103873. Calculate i(46).
5
Let g(v) = -v**3 - 119*v**2 + 1872*v + 1309. Give g(-133).
-21
Let g(p) = -61201*p + 1514. Calculate g(0).
1514
Let q(t) = t**3 + 57*t**2 + 115*t - 173. Give q(-55).
-448
Let s(k) = 21*k**2 + 207*k - 2216. Calculate s(10).
1954
Let v(k) = k**3 + 19*k**2 - 21*k + 625. What is v(-23)?
-1008
Let t(x) = -1262*x + 116420. Give t(94).
-2208
Let x(v) = -v**3 + 43*v**2 + 100*v - 424. Give x(45).
26
Let l(g) = -2*g**3 - 198*g**2 - 1477*g - 234. Calculate l(-91).
1677
Let z(b) = -817*b**2 - 10647*b + 89. Give z(-13).
427
Let i(w) = 12*w**2 + 488*w - 320443. Calculate i(-185).
-23
Let m(h) = -29*h - 7808. Determine m(-267).
-65
Let d(h) = 61603*h + 5667465. Calculate d(-92).
-11
Let t(a) = 180*a + 21416. What is t(-119)?
-4
Let k(y) = -1844*y - 322687. Give k(-175).
13
Let c(l) = 2*l**2 - 511*l - 16903. What is c(-29)?
-402
Let y(v) = -3744*v - 12111. Determine y(-3).
-879
Let q(u) = 88*u - 803. Calculate q(10).
77
Let o(w) = -79*w + 915. Calculate o(53).
-3272
Let s(g) = 13*g**2 + 3195*g - 590. What is s(-246)?
148
Let j(a) = -8*a**2 + 409*a - 83. Give j(51).
-32
Let v(w) = -69*w + 11886. Calculate v(188).
-1086
Let u(m) = 1976*m + 184118. Calculate u(-93).
350
Let g(p) = -47*p - 369. Calculate g(6).
-651
Let m(q) = -q**3 + q**2 - 18*q - 72. Give m(-9).
900
Let y(j) = -2*j**2 - 48*j + 2588. Calculate y(-51).
-166
Let g(n) = n**3 - 191*n**2 - 199*n + 1311. Determine g(192).
-33
Let u(s) = 7*s**2 + 11634*s - 199793. Give u(17).
8
Let n(p) = p**2 + 12*p - 792053. Determine n(884).
11
Let a(d) = 40165*d - 1767258. Give a(44).
2
Let i(p) = -912*p + 24476. What is i(27)?
-148
Let t(g) = 104626*g - 941580. Give t(9).
54
Let x(q) = q**3 - 8*q**2 - 104*q - 1427. What is x(15)?
-1412
Let z(h) = 11152*h - 858702. Calculate z(77).
2
Let p(c) = -36*c**2 - 17*c + 14. Give p(-2).
-96
Let p(k) = k**3 + 496*k**2 - 223650*k - 662. What is p(286)?
-90
Let i(a) = 9*a**2 + 188*a - 161. Calculate i(-23).
276
Let b(y) = -y**3 - 195*y**2 + 5222*y + 1018230. Determine b(-195).
-60
Let a(q) = -2*q**2 - 985*q - 44258. Calculate a(-50).
-8
Let z(a) = -3679*a + 39597. Give z(11).
-872
Let r(t) = 9*t**2 - 248*t + 214. Calculate r(27).
79
Let p(h) = h**3 + 68*h**2 + 584*h + 39581. Give p(-68).
-131
Let l(p) = -p**3 - 7*p**2 + 3*p - 154. What is l(-9)?
-19
Let s(u) = 88494*u - 265536. Give s(3).
-54
Let r(a) = -19*a**3 + 575*a**2 - 131*a + 15. What is r(30)?
585
Let t(i) = -102*i**2 - 3368*i - 65. Calculate t(-33).
1
Let b(p) = 5*p**2 + 402*p + 8657. Calculate b(-21).
2420
Let m(z) = 9074*z - 27216. What is m(3)?
6
Let u(r) = -226104*r + 1356630. Calculate u(6).
6
Let l(n) = 29*n**2 + 538*n - 71. Give l(-19).
176
Let n(f) = -4*f**3 + 58*f**2 - 93*f + 4472. Determine n(17).
1
Let d(k) = -325192*k - 3577109. What is d(-11)?
3
Let o(v) = 2*v**3 + 24*v**2 - 370*v - 4362. What is o(-12)?
78
Let s(d) = 10*d**2 + 146*d + 707. Determine s(-7).
175
Let h(t) = -171*t + 100334. Give h(587).
-43
Let p(m) = -2*m**2 - 80*m + 500. Calculate p(-48).
-268
Let u(z) = z**3 + 10*z + 139. Determine u(-4).
35
Let h(o) = 1574*o - 8240. Give h(4).
-1944
Let u(p) = -216644*p + 649930. Determine u(3).
-2
Let b(u) = -11926*u + 59123. What is b(5)?
-507
Let r(k) = -904*k + 2007. Determine r(3).
-705
Let l(q) = -4915*q - 378435. Give l(-77).
20
Let r(p) = 9*p**2 + 415*p - 1808. Calculate r(4).
-4
Let t(d) = d**3 - 23*d**2 - 130*d + 3426. Determine t(22).
82
Let m(n) = -8*n**3 - 82*n**2 + 170*n + 7. What is m(-12)?
-17
Let s(i) = 258*i - 2043. Calculate s(7).
-237
Let j(z) = -1268*z - 16546. What is j(-13)?
-62
Let x(l) = -25*l**3 + 1076*l**2 - 43*l - 16. Determine x(43).
-16
Let x(s) = s**2 - 182*s - 28240. Give x(282).
-40
Let u(z) = 2*z**3 + 30*z**2 + 6*z + 33. What is u(-5)?
503
Let x(j) = -j**3 - 7*j**2 + 23*j - 60. What is x(4)?
-144
Let g(o) = 7345*o + 1946426. Determine g(-265).
1
Let b(r) = r**2 - 417*r + 28534. Calculate b(87).
-176
Let u(n) = -7115*n + 14465. Determine u(2).
235
Let l(m) = 6*m + 862. Give l(-30).
682